 Let i be l(1). Let t = 172 - i. List the prime factors of t.
3, 13
Let h(l) = -3*l**3 + 4*l**2 - 13*l + 8. Let c be h(7). Let p = c - -1389. Let a = p - 323. What are the prime factors of a?
2, 3, 5
Let s(p) = 39 + 17*p - 22 + 22*p + 96. List the prime factors of s(12).
7, 83
Let g(w) = 3*w + 20. Let j be g(-4). What are the prime factors of ((-142)/j + 1)/((-60)/480)?
2, 67
Suppose -86*v + 239981 = -27995. What are the prime factors of v?
2, 19, 41
Suppose -6 = a - 8. Suppose -3*r + 7 = a*v, 0*v - 5 = 5*v + 3*r. List the prime factors of -1 + 4*14 - v.
59
Let i(b) be the third derivative of b**6/120 - 2*b**5/15 - 7*b**4/24 + 17*b**3/6 - 21*b**2. What are the prime factors of i(9)?
5, 7
Let v(b) be the third derivative of -25*b**4/12 - 8*b**3 - b**2 - 16*b. Let q be v(-11). Suppose -q = -4*r - 106. List the prime factors of r.
3, 11
Let a(o) = o**2 + 59*o - 507. What are the prime factors of a(22)?
3, 5, 17
Suppose 26 = -2*a - 2*w, -64 = 5*a - 2*w + 29. Let c be 14/(1*(-14)/(-63)). Let x = c - a. What are the prime factors of x?
2, 5
Suppose -171*u = -1250 - 1448 + 988. Let v be 182 + 1/(-1) + 1. Let x = u + v. What are the prime factors of x?
2, 3
Suppose -155 = -3*z + 637. Let b be (-36)/(1*-1)*z/2. Suppose b = 19*l - 207. What are the prime factors of l?
3, 29
Let q(n) = 6*n**2 + 43*n - 38. What are the prime factors of q(30)?
2, 1663
Suppose -3*l + 26 = p + 5, 30 = 4*l + 2*p. Let z(c) = 4*c**3 + 3*c**2 - 18*c + 17. What are the prime factors of z(l)?
881
Let o = -4551 - -8130. List the prime factors of o.
3, 1193
Let t = -23475 + 39487. What are the prime factors of t?
2, 4003
Suppose -13575 = -4*g - z, -4*z = 137*g - 136*g - 3375. What are the prime factors of g?
5, 7, 97
Let p = 30 - 20. Suppose -13780 = -16*c - p*c. What are the prime factors of c?
2, 5, 53
Let u = -196 - -509. List the prime factors of u/(8/28*(-14)/(-4)).
313
Suppose -b + 2*z = 54, -4*b - z - 246 = z. Let w = b + 67. Suppose c + w - 98 = 0. List the prime factors of c.
7, 13
Suppose -4*w + 1127 = -0*w - 5*d, 3*w - 874 = -2*d. Let c = 511 - w. What are the prime factors of c?
223
Let u = 338 - -4228. Suppose 5*p - 206 = -u. What are the prime factors of (0 + 1/(-2))/(4/p)?
109
Let x(i) = -i**3 + 10*i**2 + 4. Let q be x(10). Let m be -1 + 0 + q - -22. Suppose s + 12 = m. What are the prime factors of s?
13
Suppose 29 = 3*m - 61. Suppose 24*z + 2322 = m*z. List the prime factors of z.
3, 43
Suppose -1276 - 698 = 6*a. Let w = a + 617. List the prime factors of w.
2, 3
Suppose 0 = 6*l - 66101 - 75811. Suppose -30*g - 4242 = -l. List the prime factors of g.
647
Let u(o) = 14*o**2 + 4*o + 5. Suppose -2*d - 2 = -4*b, b - 2*b - 2 = 0. Let y be u(d). What are the prime factors of 4 + (0 + y)/5?
71
Let w(t) = 5*t**2 - 85*t + 146. List the prime factors of w(43).
2, 3, 239
Let a(p) = 79*p + 7. Let o be a(3). Let x(h) = -h**3 + 2*h**2 - 1. Let t be x(1). Suppose t = 2*u + 36 - o. List the prime factors of u.
2, 13
Let m = 103 - 194. Let y = 93 + m. Suppose -y*d + 165 = -d. What are the prime factors of d?
3, 5, 11
List the prime factors of (-1152)/(-96) - (-2 + -20210).
2, 79
Suppose -2*o + 5*l = -50 - 55, 0 = 3*o + 2*l - 186. Suppose 63*z = o*z + 1440. What are the prime factors of z?
2, 3, 5
Suppose -5*n - 3*w + 150392 = 0, 3*n = -107*w + 109*w + 90239. What are the prime factors of n?
7, 4297
Suppose -5*z - 5*c + 476 - 126 = 0, 0 = -5*z - c + 330. Suppose y = 4*s - 850, s - 4*y = -z + 285. What are the prime factors of s?
2, 53
Let c = 117644 - 56996. List the prime factors of c.
2, 3, 7, 19
What are the prime factors of 122770/7 - ((-28)/294*120 - -11)?
17539
List the prime factors of (16/(-84)*-7)/((-21513)/(-21501) + -1).
2389
Let u(x) = x**3 + 8*x**2 + 2. Let n be u(-8). Let p(y) = y**2 + 1 - 610*y + 610*y + 5*y**3. What are the prime factors of p(n)?
3, 5
What are the prime factors of (-2 - (3 + -2)) + 12/12*28283?
2, 5, 7, 101
Suppose 0 = -525*a + 530*a - 5. What are the prime factors of a + (4/5)/(12/1260)?
5, 17
Let m(i) be the second derivative of 7*i**3 + 2*i**2 + 180*i. Let p = -4 + 7. List the prime factors of m(p).
2, 5, 13
Suppose 0 = -6*j + 11*j - 700. Suppose -t + j = -194. Suppose t + 122 = 8*u. What are the prime factors of u?
3, 19
List the prime factors of (10 - 5) + 3588 - -15.
2, 11, 41
Let f be -3*(-5 - (-1506)/(-3)). Suppose 10*q - 7*q = -2*o + f, 0 = -2*o + 4*q + 1542. List the prime factors of o.
3, 5, 17
Let j be (-73 + 3)*(-5)/1. Suppose 11*y - 10*y - j = 0. Suppose 7*l = y + 441. List the prime factors of l.
113
Suppose m - 6*m = -7260. Let z be (-2)/((-32)/m)*-4. Let k = -257 - z. What are the prime factors of k?
2, 53
List the prime factors of 2027 + (-7 - 35/(-7)).
3, 5
Let w = -132 - -136. Let l(j) = -j**3 + 6*j**2 + 3*j + 3. List the prime factors of l(w).
47
Let l(v) = v**3 + 25*v**2 + 38*v - 14. Let b be l(-23). Let w = b - -280. What are the prime factors of w?
2, 3, 5
Let x(a) = 10*a**2 - a + 3. Let h be (-10)/(-5)*21/(-2). Let o = h + 19. What are the prime factors of x(o)?
3, 5
Let q(c) = c**3 - 43*c**2 - 51*c - 94. What are the prime factors of q(45)?
11, 151
Let o be -18*(21/(-9) + 3). Let n be (9/o)/((-1)/8). Let v(g) = 20*g + 43. What are the prime factors of v(n)?
163
Suppose -82*t + 694012 = -38*t. List the prime factors of t.
15773
List the prime factors of ((-15512)/12)/((-364)/(-42) - 9).
2, 7, 277
Let j = 2789 - 1592. Suppose -4*z - g + j = -4*g, -4*g = 4*z - 1232. What are the prime factors of z?
3, 101
Let o(c) = 2084*c + 5444. List the prime factors of o(16).
2, 9697
Suppose 2*q + 13085 = h + 102938, -2*q + 89833 = 3*h. What are the prime factors of q?
2, 11, 1021
Let x = 770 - 1169. Let n = x - -945. List the prime factors of n.
2, 3, 7, 13
Suppose -2*o + 11 = o + x, 3*o = 5*x + 17. Suppose o*c = -4*p + 7*c + 1803, 2*p - 904 = 4*c. List the prime factors of p.
2, 3, 5
Let i be (476/(-5) - (-9 - -7))*-15. Let h = -773 + i. What are the prime factors of h?
5
Let v(p) = -p**2 + 7*p + 14. Let z be v(7). Let m = z - 10. Suppose 4*i = -m*o + 336, -2*o + 5*i + 440 = 3*o. What are the prime factors of o?
2, 43
Let h(v) = 2*v**2 + 6*v + 2. Let k(q) = 2*q**2 + 6*q + 1. Let o(j) = -j - 1. Let f be o(4). Let p(t) = f*k(t) + 6*h(t). List the prime factors of p(-4).
3, 5
Let f(o) = o**3 + 7*o**2 - 2*o + 2. Let q(t) = -t + 12. Let i be q(19). List the prime factors of f(i).
2
Let h(x) = -1575*x + 142. What are the prime factors of h(-4)?
2, 3221
Let a(s) = 6*s - 2. Let p be a(5). Let h = 48 - p. Suppose 3*v = h + 10. What are the prime factors of v?
2, 5
Let q be -13 + 14 + (-84)/(-1). Let t = 431 + q. Suppose 0 = 8*p - 5*p - t. What are the prime factors of p?
2, 43
Let u = 260 + -290. List the prime factors of -4*(-55)/u*-141.
2, 11, 47
Let c(a) = a + 1. Let p(m) = -28*m - 28. Let z(f) = -12*c(f) - p(f). Let g be z(-3). Let k = 67 + g. List the prime factors of k.
5, 7
Let f(k) = 186*k - 636. List the prime factors of f(13).
2, 3, 11
Suppose 0 = 23*p - 17*p - 30. Suppose -294 = -p*v + 1961. What are the prime factors of v?
11, 41
Let x = -52 - -45. Let l be (-1)/2*(9 + x). Let f(p) = 89*p**2 + 3*p + 3. What are the prime factors of f(l)?
89
Suppose 7*a = 18444 + 7827. Suppose -34*j + a = -25*j. List the prime factors of j.
3, 139
What are the prime factors of ((-2250)/(-50))/((-2)/(-432))?
2, 3, 5
Let c(p) = 681*p - 1214. List the prime factors of c(30).
2, 1201
Let w = 9429 - 5133. Suppose w = 11*a - 335. List the prime factors of a.
421
Let y(s) = -s + 13. Let h(o) = -o**2 - 10*o + 16. Let a be h(-13). Let b be y(a). List the prime factors of ((-6)/(-4))/((-27)/b) + 21.
19
Let v(o) = 94*o**2 + 11*o - 28. Let l be v(2). Let c = 563 - l. List the prime factors of c.
193
Let p = -202 - -206. Suppose 6*b - 1170 = p*b. List the prime factors of b.
3, 5, 13
Let d(l) = -1043*l**3 + 4*l**2 + 78*l + 321. What are the prime factors of d(-4)?
3, 5, 11
Let r(n) = n**3 - 23*n**2 - 16*n + 72. Let h(x) = 2*x**3 + 33*x**2 + 15*x + 8. Let g be h(-16). List the prime factors of r(g).
2, 3, 11
Let j(y) = 2*y**3 - 160*y**2 + 58*y - 471. List the prime factors of j(80).
11, 379
Let m(q) be the third derivative of 3*q**5/5 - 2*q**4/3 + 2*q**3 - 149*q**2. List the prime factors of m(5).
2, 13
Let z(n) be the first derivative of 8*n**2 - 1/4*n**4 - 27*n